{"id":102,"date":"2026-01-17T18:13:06","date_gmt":"2026-01-17T17:13:06","guid":{"rendered":"https:\/\/tramborg.de\/orgel\/?page_id=102"},"modified":"2026-03-14T21:12:01","modified_gmt":"2026-03-14T20:12:01","slug":"links","status":"publish","type":"page","link":"https:\/\/www.stertzingorgel.de\/?page_id=102","title":{"rendered":"Links"},"content":{"rendered":"\n<p class=\"wp-block-paragraph\"><a href=\"https:\/\/www.kiwibue.de\/gemeindeleben-mitarbeiter-gemeindebote\/gemeindebote\/\" target=\"_blank\" rel=\"noreferrer noopener\">Gemeindeboten des Kirchspiels Windischholzhausen-B\u00fc\u00dfleben<\/a><\/p>\n\n\n\n<p class=\"wp-block-paragraph\"><a href=\"https:\/\/www.buess-leben.de\/\" data-type=\"link\" data-id=\"https:\/\/www.buess-leben.de\/\" target=\"_blank\" rel=\"noreferrer noopener\">Webseite des Ortsteils B\u00fc\u00dfleben<\/a><\/p>\n\n\n\n<p class=\"wp-block-paragraph\"><a href=\"http:\/\/www.kiwibue.de\/\" target=\"_blank\" rel=\"noreferrer noopener\">Evangelisches Kirchspiel Windischholzhausen-B\u00fc\u00dfleben<\/a><\/p>\n\n\n\n<p class=\"wp-block-paragraph\"><a href=\"http:\/\/www.kirchspiel-erfurt-suedost.de\/\" data-type=\"link\" data-id=\"http:\/\/www.kirchspiel-erfurt-suedost.de\/\" target=\"_blank\" rel=\"noreferrer noopener\">Evangelisches Kirchspiel S\u00fcdost in Erfurt<\/a><\/p>\n\n\n\n<p class=\"wp-block-paragraph\"><a href=\"https:\/\/www.schuke.de\/\" data-type=\"link\" data-id=\"https:\/\/www.schuke.de\/\" target=\"_blank\" rel=\"noreferrer noopener\">Alexander Schuke Potsdam Orgelbau GmbH<\/a><\/p>\n\n\n\n<p class=\"wp-block-paragraph\"><a href=\"https:\/\/www.erfurt.de\/\" target=\"_blank\" rel=\"noreferrer noopener\">Stadtverwaltung Erfurt<\/a><\/p>\n\n\n\n<p class=\"wp-block-paragraph\"><\/p>\n","protected":false},"excerpt":{"rendered":"<p>Gemeindeboten des Kirchspiels Windischholzhausen-B\u00fc\u00dfleben Webseite des Ortsteils B\u00fc\u00dfleben Evangelisches Kirchspiel Windischholzhausen-B\u00fc\u00dfleben Evangelisches Kirchspiel S\u00fcdost in Erfurt Alexander Schuke Potsdam Orgelbau GmbH Stadtverwaltung [&hellip;]<\/p>\n","protected":false},"author":1,"featured_media":0,"parent":0,"menu_order":0,"comment_status":"closed","ping_status":"closed","template":"","meta":{"_crdt_document":"","footnotes":""},"class_list":["post-102","page","type-page","status-publish","hentry"],"_links":{"self":[{"href":"https:\/\/www.stertzingorgel.de\/index.php?rest_route=\/wp\/v2\/pages\/102","targetHints":{"allow":["GET"]}}],"collection":[{"href":"https:\/\/www.stertzingorgel.de\/index.php?rest_route=\/wp\/v2\/pages"}],"about":[{"href":"https:\/\/www.stertzingorgel.de\/index.php?rest_route=\/wp\/v2\/types\/page"}],"author":[{"embeddable":true,"href":"https:\/\/www.stertzingorgel.de\/index.php?rest_route=\/wp\/v2\/users\/1"}],"replies":[{"embeddable":true,"href":"https:\/\/www.stertzingorgel.de\/index.php?rest_route=%2Fwp%2Fv2%2Fcomments&post=102"}],"version-history":[{"count":5,"href":"https:\/\/www.stertzingorgel.de\/index.php?rest_route=\/wp\/v2\/pages\/102\/revisions"}],"predecessor-version":[{"id":252,"href":"https:\/\/www.stertzingorgel.de\/index.php?rest_route=\/wp\/v2\/pages\/102\/revisions\/252"}],"wp:attachment":[{"href":"https:\/\/www.stertzingorgel.de\/index.php?rest_route=%2Fwp%2Fv2%2Fmedia&parent=102"}],"curies":[{"name":"wp","href":"https:\/\/api.w.org\/{rel}","templated":true}]}}